{"id":190,"date":"2016-03-26T10:03:47","date_gmt":"2016-03-26T09:03:47","guid":{"rendered":"http:\/\/ra-oul.eu\/?page_id=190"},"modified":"2024-02-05T15:35:00","modified_gmt":"2024-02-05T14:35:00","slug":"serienwerke-2","status":"publish","type":"page","link":"https:\/\/ra-oul.eu\/?page_id=190","title":{"rendered":"SERIENWERKE"},"content":{"rendered":"<p style=\"text-align: center;\">\n<table id=\"tablepress-2\" class=\"tablepress tablepress-id-2\">\n<tbody class=\"row-hover\">\n<tr class=\"row-1\">\n\t<td class=\"column-1\"><div id=\"attachment_74\" style=\"width: 160px\" class=\"wp-caption alignnone\"><a href=\"http:\/\/ra-oul.eu\/?page_id=193\" rel=\"attachment wp-att-74\"><img loading=\"lazy\" decoding=\"async\" aria-describedby=\"caption-attachment-74\" src=\"http:\/\/ra-oul.eu\/wp-content\/uploads\/2016\/03\/13_Der-Apparat-150x150.jpg\" alt=\"Titel: Der Apparat (aus der Serie &quot;Schautafeln&quot;)\" width=\"150\" height=\"150\" class=\"size-thumbnail wp-image-74\" \/><\/a><p id=\"caption-attachment-74\" class=\"wp-caption-text\"><a href=\"http:\/\/ra-oul.eu\/?page_id=193\">SCHAUTAFELN<\/a><\/p><\/div><\/td><td class=\"column-2\"><div id=\"attachment_90\" style=\"width: 160px\" class=\"wp-caption alignnone\"><a href=\"http:\/\/ra-oul.eu\/?page_id=201\" rel=\"attachment wp-att-90\"><img loading=\"lazy\" decoding=\"async\" aria-describedby=\"caption-attachment-90\" src=\"http:\/\/ra-oul.eu\/wp-content\/uploads\/2016\/03\/09_Sch\u00f6pfung-150x150.jpg\" alt=\"Titel: Sch\u00f6pfung (aus der Serie &quot;Schwarze Serie&quot;)\" width=\"150\" height=\"150\" class=\"size-thumbnail wp-image-90\" \/><\/a><p id=\"caption-attachment-90\" class=\"wp-caption-text\"><a href=\"http:\/\/ra-oul.eu\/?page_id=201\">SCHWARZE SERIE<\/a><\/p><\/div><\/td><td class=\"column-3\"><div id=\"attachment_127\" style=\"width: 160px\" class=\"wp-caption alignnone\"><a href=\"http:\/\/ra-oul.eu\/?page_id=204\" rel=\"attachment wp-att-127\"><img loading=\"lazy\" decoding=\"async\" aria-describedby=\"caption-attachment-127\" src=\"http:\/\/ra-oul.eu\/wp-content\/uploads\/2016\/03\/22_Wildnis-150x150.jpg\" alt=\"Titel: o. T. (aus der Serie &quot;Wildnis&quot;)\" width=\"150\" height=\"150\" class=\"size-thumbnail wp-image-127\" \/><\/a><p id=\"caption-attachment-127\" class=\"wp-caption-text\"><a href=\"http:\/\/ra-oul.eu\/?page_id=204\">WILDNIS<\/a><\/p><\/div><\/td>\n<\/tr>\n<tr class=\"row-2\">\n\t<td class=\"column-1\"><div id=\"attachment_158\" style=\"width: 160px\" class=\"wp-caption alignnone\"><a href=\"http:\/\/ra-oul.eu\/?page_id=206\" rel=\"attachment wp-att-158\"><img loading=\"lazy\" decoding=\"async\" aria-describedby=\"caption-attachment-158\" src=\"http:\/\/ra-oul.eu\/wp-content\/uploads\/2016\/03\/25_frax150-150x150.jpg\" alt=\"Titel: frax151 (aus der Serie &quot;FRAX&quot;)\" width=\"150\" height=\"150\" class=\"size-thumbnail wp-image-158\" \/><\/a><p id=\"caption-attachment-158\" class=\"wp-caption-text\"><a href=\"http:\/\/ra-oul.eu\/?page_id=206\">FRAX<\/a><\/p><\/div><\/td><td class=\"column-2\"><div id=\"attachment_181\" style=\"width: 160px\" class=\"wp-caption alignnone\"><a href=\"http:\/\/ra-oul.eu\/?page_id=208\" rel=\"attachment wp-att-181\"><img loading=\"lazy\" decoding=\"async\" aria-describedby=\"caption-attachment-181\" src=\"http:\/\/ra-oul.eu\/wp-content\/uploads\/2016\/03\/22_cortex142-150x150.jpg\" alt=\"Titel: cortex142 (aus der Serie &quot;CORTEX&quot;)\" width=\"150\" height=\"150\" class=\"size-thumbnail wp-image-181\" \/><\/a><p id=\"caption-attachment-181\" class=\"wp-caption-text\"><a href=\"http:\/\/ra-oul.eu\/?page_id=208\">CORTEX<\/a><\/p><\/div><\/td><td class=\"column-3\"><div id=\"attachment_303\" style=\"width: 160px\" class=\"wp-caption alignnone\"><a href=\"http:\/\/ra-oul.eu\/?page_id=320\" rel=\"attachment wp-att-303\"><img loading=\"lazy\" decoding=\"async\" aria-describedby=\"caption-attachment-303\" src=\"http:\/\/ra-oul.eu\/wp-content\/uploads\/2016\/03\/02_Installation_Hochgebirge-150x150.jpg\" alt=\"Rauminstallation &quot;Hochgebirge&quot; (Regensburg)\" width=\"150\" height=\"150\" class=\"size-thumbnail wp-image-303\" \/><\/a><p id=\"caption-attachment-303\" class=\"wp-caption-text\"><a href=\"http:\/\/ra-oul.eu\/?page_id=320\">INSTALLATIONEN<\/a><\/p><\/div><\/td>\n<\/tr>\n<\/tbody>\n<\/table>\n<!-- #tablepress-2 from cache --><\/p>\n","protected":false},"excerpt":{"rendered":"","protected":false},"author":1,"featured_media":166,"parent":0,"menu_order":0,"comment_status":"closed","ping_status":"closed","template":"","meta":{"jetpack_post_was_ever_published":false,"footnotes":"","two_page_speed":{"previous_score":{"desktop_score":83,"desktop_tti":"1.7\u00a0","mobile_score":56.00000000000001,"mobile_tti":"8.2\u00a0","date":"05.02.2024 03:34:48 pm","status":"completed"},"current_score":{"desktop_score":83,"desktop_tti":"1.7\u00a0","mobile_score":56.00000000000001,"mobile_tti":"8.2\u00a0","date":"05.02.2024 03:35:01 pm","status":"completed"}}},"jetpack_sharing_enabled":true,"jetpack_shortlink":"https:\/\/wp.me\/P7nFgZ-34","jetpack-related-posts":[{"id":201,"url":"https:\/\/ra-oul.eu\/?page_id=201","url_meta":{"origin":190,"position":0},"title":"Schwarze Serie","author":"Raoul Kaufer","date":"26. M\u00e4rz 2016","format":false,"excerpt":"","rel":"","context":"\u00c4hnlicher Beitrag","block_context":{"text":"\u00c4hnlicher Beitrag","link":""},"img":{"alt_text":"","src":"https:\/\/i0.wp.com\/ra-oul.eu\/wp-content\/uploads\/2016\/03\/01_Fiktion.jpg?resize=350%2C200","width":350,"height":200},"classes":[]},{"id":193,"url":"https:\/\/ra-oul.eu\/?page_id=193","url_meta":{"origin":190,"position":1},"title":"Schautafeln","author":"Raoul Kaufer","date":"26. M\u00e4rz 2016","format":false,"excerpt":"\u00a0","rel":"","context":"\u00c4hnlicher Beitrag","block_context":{"text":"\u00c4hnlicher Beitrag","link":""},"img":{"alt_text":"","src":"https:\/\/i0.wp.com\/ra-oul.eu\/wp-content\/uploads\/2016\/03\/01_Die-Malerei.jpg?resize=350%2C200","width":350,"height":200},"classes":[]},{"id":320,"url":"https:\/\/ra-oul.eu\/?page_id=320","url_meta":{"origin":190,"position":2},"title":"Installationen","author":"Raoul Kaufer","date":"27. M\u00e4rz 2016","format":false,"excerpt":"","rel":"","context":"\u00c4hnlicher Beitrag","block_context":{"text":"\u00c4hnlicher Beitrag","link":""},"img":{"alt_text":"","src":"https:\/\/i0.wp.com\/ra-oul.eu\/wp-content\/uploads\/2016\/03\/01_Installation_AmBoden_Kirchberg.jpg?resize=350%2C200","width":350,"height":200},"classes":[]},{"id":204,"url":"https:\/\/ra-oul.eu\/?page_id=204","url_meta":{"origin":190,"position":3},"title":"Wildnis","author":"Raoul Kaufer","date":"26. M\u00e4rz 2016","format":false,"excerpt":"","rel":"","context":"\u00c4hnlicher Beitrag","block_context":{"text":"\u00c4hnlicher Beitrag","link":""},"img":{"alt_text":"","src":"https:\/\/i0.wp.com\/ra-oul.eu\/wp-content\/uploads\/2016\/03\/01_Wildnis.jpg?resize=350%2C200","width":350,"height":200},"classes":[]},{"id":206,"url":"https:\/\/ra-oul.eu\/?page_id=206","url_meta":{"origin":190,"position":4},"title":"Frax","author":"Raoul Kaufer","date":"26. M\u00e4rz 2016","format":false,"excerpt":"","rel":"","context":"\u00c4hnlicher Beitrag","block_context":{"text":"\u00c4hnlicher Beitrag","link":""},"img":{"alt_text":"","src":"https:\/\/i0.wp.com\/ra-oul.eu\/wp-content\/uploads\/2016\/03\/01_frax025.jpg?resize=350%2C200","width":350,"height":200},"classes":[]},{"id":208,"url":"https:\/\/ra-oul.eu\/?page_id=208","url_meta":{"origin":190,"position":5},"title":"Cortex","author":"Raoul Kaufer","date":"26. M\u00e4rz 2016","format":false,"excerpt":"","rel":"","context":"\u00c4hnlicher Beitrag","block_context":{"text":"\u00c4hnlicher Beitrag","link":""},"img":{"alt_text":"","src":"https:\/\/i0.wp.com\/ra-oul.eu\/wp-content\/uploads\/2016\/03\/02_cortex062.jpg?resize=350%2C200","width":350,"height":200},"classes":[]}],"_links":{"self":[{"href":"https:\/\/ra-oul.eu\/index.php?rest_route=\/wp\/v2\/pages\/190"}],"collection":[{"href":"https:\/\/ra-oul.eu\/index.php?rest_route=\/wp\/v2\/pages"}],"about":[{"href":"https:\/\/ra-oul.eu\/index.php?rest_route=\/wp\/v2\/types\/page"}],"author":[{"embeddable":true,"href":"https:\/\/ra-oul.eu\/index.php?rest_route=\/wp\/v2\/users\/1"}],"replies":[{"embeddable":true,"href":"https:\/\/ra-oul.eu\/index.php?rest_route=%2Fwp%2Fv2%2Fcomments&post=190"}],"version-history":[{"count":15,"href":"https:\/\/ra-oul.eu\/index.php?rest_route=\/wp\/v2\/pages\/190\/revisions"}],"predecessor-version":[{"id":259,"href":"https:\/\/ra-oul.eu\/index.php?rest_route=\/wp\/v2\/pages\/190\/revisions\/259"}],"wp:featuredmedia":[{"embeddable":true,"href":"https:\/\/ra-oul.eu\/index.php?rest_route=\/wp\/v2\/media\/166"}],"wp:attachment":[{"href":"https:\/\/ra-oul.eu\/index.php?rest_route=%2Fwp%2Fv2%2Fmedia&parent=190"}],"curies":[{"name":"wp","href":"https:\/\/api.w.org\/{rel}","templated":true}]}}